 is divided by 167?
40
What is the remainder when 586 is divided by 293?
0
What is the remainder when 6954 is divided by 16?
10
Calculate the remainder when 1143 is divided by 43.
25
What is the remainder when 1543 is divided by 380?
23
Calculate the remainder when 243 is divided by 83.
77
Calculate the remainder when 218 is divided by 115.
103
What is the remainder when 100 is divided by 15?
10
What is the remainder when 510 is divided by 344?
166
What is the remainder when 112 is divided by 45?
22
What is the remainder when 863 is divided by 28?
23
Calculate the remainder when 5920 is divided by 63.
61
What is the remainder when 221 is divided by 66?
23
Calculate the remainder when 325 is divided by 15.
10
What is the remainder when 109 is divided by 8?
5
What is the remainder when 5861 is divided by 11?
9
Calculate the remainder when 503 is divided by 67.
34
Calculate the remainder when 313 is divided by 250.
63
Calculate the remainder when 166 is divided by 7.
5
Calculate the remainder when 46680 is divided by 21.
18
Calculate the remainder when 46031 is divided by 93.
89
What is the remainder when 28 is divided by 11?
6
Calculate the remainder when 178 is divided by 105.
73
Calculate the remainder when 124 is divided by 6.
4
What is the remainder when 202 is divided by 66?
4
Calculate the remainder when 28 is divided by 4.
0
Calculate the remainder when 3057 is divided by 44.
21
What is the remainder when 324 is divided by 80?
4
What is the remainder when 230 is divided by 76?
2
Calculate the remainder when 59 is divided by 10.
9
Calculate the remainder when 28 is divided by 13.
2
Calculate the remainder when 163 is divided by 24.
19
Calculate the remainder when 104 is divided by 36.
32
Calculate the remainder when 400 is divided by 102.
94
Calculate the remainder when 50 is divided by 26.
24
Calculate the remainder when 186 is divided by 21.
18
What is the remainder when 1756 is divided by 331?
101
What is the remainder when 284 is divided by 22?
20
What is the remainder when 105 is divided by 14?
7
Calculate the remainder when 733 is divided by 106.
97
Calculate the remainder when 138 is divided by 16.
10
What is the remainder when 917 is divided by 115?
112
What is the remainder when 5849 is divided by 217?
207
Calculate the remainder when 281 is divided by 104.
73
Calculate the remainder when 522 is divided by 11.
5
Calculate the remainder when 2752 is divided by 13.
9
Calculate the remainder when 103 is divided by 61.
42
Calculate the remainder when 374 is divided by 5.
4
What is the remainder when 6965 is divided by 13?
10
What is the remainder when 34555 is divided by 326?
325
What is the remainder when 184 is divided by 49?
37
Calculate the remainder when 221 is divided by 62.
35
What is the remainder when 254 is divided by 7?
2
Calculate the remainder when 252 is divided by 38.
24
Calculate the remainder when 665 is divided by 138.
113
What is the remainder when 221 is divided by 57?
50
Calculate the remainder when 319 is divided by 40.
39
What is the remainder when 538 is divided by 40?
18
Calculate the remainder when 635 is divided by 200.
35
Calculate the remainder when 173 is divided by 60.
53
What is the remainder when 17 is divided by 6?
5
Calculate the remainder when 2062 is divided by 8.
6
What is the remainder when 536 is divided by 49?
46
What is the remainder when 68 is divided by 4?
0
What is the remainder when 80 is divided by 74?
6
What is the remainder when 789 is divided by 161?
145
What is the remainder when 12354 is divided by 47?
40
What is the remainder when 1862 is divided by 7?
0
What is the remainder when 3739 is divided by 44?
43
What is the remainder when 998 is divided by 11?
8
Calculate the remainder when 4456 is divided by 46.
40
Calculate the remainder when 659 is divided by 61.
49
Calculate the remainder when 87 is divided by 11.
10
What is the remainder when 108 is divided by 19?
13
What is the remainder when 246 is divided by 124?
122
Calculate the remainder when 129 is divided by 25.
4
What is the remainder when 8374 is divided by 254?
246
Calculate the remainder when 344 is divided by 94.
62
What is the remainder when 6002 is divided by 32?
18
Calculate the remainder when 248 is divided by 98.
52
Calculate the remainder when 3132 is divided by 13.
12
Calculate the remainder when 305 is divided by 30.
5
What is the remainder when 45 is divided by 24?
21
What is the remainder when 250 is divided by 107?
36
What is the remainder when 86 is divided by 38?
10
What is the remainder when 2113 is divided by 212?
205
Calculate the remainder when 5276 is divided by 14.
12
What is the remainder when 123 is divided by 42?
39
What is the remainder when 113 is divided by 58?
55
What is the remainder when 295 is divided by 10?
5
What is the remainder when 303 is divided by 16?
15
What is the remainder when 130 is divided by 53?
24
What is the remainder when 192 is divided by 40?
32
Calculate the remainder when 426 is divided by 150.
126
Calculate the remainder when 472 is divided by 43.
42
Calculate the remainder when 2699 is divided by 25.
24
Calculate the remainder when 161 is divided by 35.
21
What is the remainder when 419 is divided by 14?
13
What is the remainder when 5702 is divided by 11?
4
Calculate the remainder when 2458 is divided by 79.
9
Calculate the remainder when 104 is divided by 42.
20
Calculate the remainder when 2445 is divided by 25.
20
Calculate the remainder when 747 is divided by 98.
61
Calculate the remainder when 8869 is divided by 87.
82
Calculate the remainder when 1454 is divided by 52.
50
Calculate the remainder when 108 is divided by 50.
8
Calculate the remainder when 982 is divided by 163.
4
What is the remainder when 303 is divided by 27?
6
Calculate the remainder when 111 is divided by 20.
11
What is the remainder when 535 is divided by 20?
15
Calculate the remainder when 427 is divided by 9.
4
What is the remainder when 576 is divided by 37?
21
Calculate the remainder when 111 is divided by 40.
31
What is the remainder when 1774 is divided by 535?
169
What is the remainder when 5740 is divided by 1906?
22
What is the remainder when 428 is divided by 128?
44
What is the remainder when 6187 is divided by 32?
11
What is the remainder when 101 is divided by 26?
23
Calculate the remainder when 12956 is divided by 87.
80
What is the remainder when 680 is divided by 31?
29
Calculate the remainder when 1603 is divided by 96.
67
What is the remainder when 322 is divided by 121?
80
Calculate the remainder when 315 is divided by 278.
37
Calculate the remainder when 179 is divided by 5.
4
What is the remainder when 93 is divided by 24?
21
What is the remainder when 490 is divided by 127?
109
Calculate the remainder when 78 is divided by 20.
18
What is the remainder when 550 is divided by 17?
6
What is the remainder when 1536 is divided by 399?
339
Calculate the remainder when 389 is divided by 46.
21
What is the remainder when 97 is divided by 5?
2
What is the remainder when 188 is divided by 66?
56
What is the remainder when 162 is divided by 40?
2
Calculate the remainder when 5406 is divided by 8.
6
Calculate the remainder when 294 is divided by 74.
72
Calculate the remainder when 250 is divided by 37.
28
What is the remainder when 59 is divided by 27?
5
What is the remainder when 81 is divided by 11?
4
What is the remainder when 1922 is divided by 11?
8
Calculate the remainder when 117 is divided by 24.
21
What is the remainder when 11198 is divided by 20?
18
What is the remainder when 215 is divided by 18?
17
What is the remainder when 433 is divided by 7?
6
What is the remainder when 655 is divided by 93?
4
What is the remainder when 125 is divided by 18?
17
Calculate the remainder when 541 is divided by 147.
100
Calculate the remainder when 256 is divided by 28.
4
What is the remainder when 301 is divided by 19?
16
What is the remainder when 57 is divided by 33?
24
Calculate the remainder when 2335 is divided by 1162.
11
Calculate the remainder when 237 is divided by 91.
55
What is the remainder when 382 is divided by 217?
165
What is the remainder when 1592 is divided by 9?
8
Calculate the remainder when 685 is divided by 49.
48
Calculate the remainder when 568 is divided by 